 54. Let w be y(-27). What is the highest common divisor of 135 and w?
27
Let v(c) = 56*c**3 - 1. Let k be v(1). What is the greatest common divisor of 20 and k?
5
Suppose -2*a + 3*v + 79 = 2*a, -2*a = 4*v - 12. What is the highest common divisor of a and 24?
8
Let v = -260 + 271. Calculate the greatest common factor of 99 and v.
11
Let n(w) = 66*w - 177. Let h be n(3). Calculate the greatest common divisor of 189 and h.
21
Let z be 2*24 + (8 - 12/2). What is the highest common divisor of 125 and z?
25
Let n be (-4)/12*(0 - 12). Let b = -60 + 47. Let f = b - -37. Calculate the highest common divisor of n and f.
4
Suppose -2*o + 3*d - 5*d + 4 = 0, 4*o + 4 = 2*d. Suppose -q = -o*q - 9. What is the greatest common divisor of 99 and q?
9
Let v be -3 + -47*1*(-14)/7. Calculate the highest common divisor of v and 7.
7
Let z = 2825 + -917. Calculate the greatest common divisor of 36 and z.
36
Suppose 1 - 39 = -4*a - 2*j, -7 = -a - 3*j. Calculate the greatest common factor of a and 10.
10
Suppose -4*a + 0 = 8, -3*a = 3*f. Let o be -1 - 0 - (2 - 0). Let d(l) = -l + 3. Let n be d(o). Calculate the greatest common factor of f and n.
2
Let u(m) = 4*m**2 + 3*m - 3. Let q be u(-3). Let v(t) = -14*t - 16. Let i be v(-2). Calculate the highest common factor of i and q.
12
Suppose 0 = -32*t + 1472 - 448. Let z = -4 - -7. Let p = z + 1. Calculate the highest common factor of p and t.
4
Suppose -38*w + 9 = -35*w. What is the highest common factor of 1 and w?
1
Suppose -2*o + 32 = 2*a, a = 4*a + o - 42. Suppose 3*i - a + 1 = 0. Suppose -r + i + 20 = 0. What is the highest common factor of r and 60?
12
Let u = 941 - 230. What is the greatest common factor of u and 9?
9
Let t(s) = -2*s - 17. Let o be t(-14). What is the greatest common factor of o and 99?
11
Let j(l) = -28*l + 4. Let i be j(0). Suppose s - 40 = 3*u, 7 = s + 5*u - 1. Calculate the highest common factor of s and i.
4
Suppose 2*m + f = 129, -f + 193 = 10*m - 7*m. Calculate the highest common factor of m and 32.
32
Suppose 0 = 76*p - 69*p - 294. Suppose 0 = -5*w + 4*u + 26 + 60, 4*w + 4*u - 40 = 0. What is the highest common factor of p and w?
14
Let n = -303 + 313. What is the highest common factor of n and 270?
10
Suppose 0 = -2*o - 3*b + 251, b = -o + 114 + 14. Let l = -1341 - -1360. Calculate the greatest common factor of o and l.
19
Let w(n) = -5*n**3 + 3*n**2 + 19*n + 43. Let c be w(-3). Let f be (-374)/(-10) + (-2)/5. What is the greatest common factor of f and c?
37
Let d(n) = n**3 + 4*n**2 - 63*n - 9. Let w be d(-10). What is the greatest common factor of w and 210?
21
Suppose 7 + 59 = 6*a. Suppose 0 = -0*d + 4*d + 208. Let x = d + 74. What is the greatest common factor of x and a?
11
Suppose -m = -4*q - 12 - 5, 5*m = -2*q + 63. What is the greatest common factor of m and 1?
1
Let a be (123930/48 - 2) + (-3)/(-24). What is the greatest common factor of 60 and a?
60
Let o be -2 - 1*-12 - 5. Suppose b - 4*a - 10 = -2, -b + o*a + 6 = 0. Calculate the highest common divisor of b and 240.
16
Let a be (-24174)/(-90) + -16 + 2/5. Calculate the highest common factor of 11 and a.
11
Let w(b) = 2*b**2 - 11*b + 18. Let p be w(5). What is the greatest common divisor of p and 3?
1
Let z = -16 + 19. Suppose 247 = z*j + 82. What is the highest common factor of 11 and j?
11
Let m = -236 - -242. What is the greatest common divisor of m and 78?
6
Let s(d) = 2*d**2 - 29*d + 141. Let m be s(16). Calculate the highest common divisor of m and 252.
63
Let d be (19 + -16)*(9 - 2). What is the highest common factor of d and 28?
7
Let v(b) = 6*b**2 - 39*b - 193. Let q be v(-9). Calculate the highest common divisor of q and 28.
28
Suppose 4*q + 0*q = 332. Suppose q + 109 = 4*w. Suppose 3*r = 16*r - 78. Calculate the highest common factor of r and w.
6
Let z = -136 + 213. Suppose -4 = 4*a + 5*v - z, 5*v = 3*a - 81. What is the greatest common factor of 110 and a?
22
Let a(k) = 14*k + 115. Let x be a(-6). What is the greatest common divisor of x and 62?
31
Let w(o) = o**3 + 12*o**2 - 3*o - 18. Let l be w(-12). Let a = -15 + l. Suppose -5*r = -114 + 39. What is the greatest common divisor of r and a?
3
Let n be 0*3*5/(-30). Suppose -273 = -7*y - n*y. What is the highest common factor of y and 351?
39
Suppose 13*i = 10*i + 6. Let b = -29 + 29. Suppose b = 5*h - 14 + 4. What is the greatest common factor of i and h?
2
Let u = -172 - -211. Calculate the greatest common factor of 156 and u.
39
Let r = 73 - -27. Suppose -2*y + 100 = -3*g, -5*y - g + r = -3*y. Suppose -2*l - l + y = z, 0 = -l + 3*z. What is the greatest common divisor of 6 and l?
3
Suppose 3*y + 1 = -3*v - 5, -19 = -v + 6*y. Let d be (-1)/2*-2 - -3. Calculate the greatest common factor of d and v.
1
Suppose 2*v - 4*f = -4, -5*f + 0 = v - 5. Suppose 5*c = -4*z + 3*z + 39, v = 5*z + 4*c - 258. Calculate the greatest common divisor of 135 and z.
27
Let m be (-35 + 38)/(6/4)*4. Calculate the greatest common factor of m and 128.
8
Let i(b) = b - 1. Let h(r) = 5*r + 28. Let g(l) = h(l) - 3*i(l). Let q be g(-15). What is the greatest common divisor of q and 8?
1
Suppose 5370*w = 5380*w - 2340. Calculate the highest common divisor of 117 and w.
117
Suppose 45 = t - 0*t - a, -5*t = 3*a - 249. What is the highest common divisor of t and 56?
8
Let i = 739 + -431. What is the greatest common factor of 88 and i?
44
Let t(b) be the second derivative of -b**5/20 - 11*b**4/12 - 13*b**3/3 + 5*b**2 + 12*b - 3. Let h be t(-8). What is the highest common divisor of h and 4?
2
Suppose -3*c - 2*c - 169 = 4*a, 4*c = 4*a + 160. Let i = 52 + a. What is the highest common divisor of 44 and i?
11
Suppose 201 = 4*h + 3*c, 4*c = -5*h + 250 + 1. Calculate the highest common factor of h and 24.
3
Suppose 8*w - 630 = -2*w. Calculate the highest common divisor of 45 and w.
9
Let n be 4 - (3 + -4)*68. What is the greatest common factor of n and 54?
18
Let o be ((-25)/4 + 5)*-212. Let m = -141 + o. Calculate the greatest common factor of 31 and m.
31
Let q be ((-10)/15)/((-2)/18). Let x(o) = 16*o - 2. Let g be x(2). Let k = -12 + g. What is the greatest common divisor of q and k?
6
Let m = 103 - 48. What is the greatest common factor of 5 and m?
5
Suppose -k - b + 8 = 0, 3*k + 6 = 3*b - 0. Suppose 0 = -u + 3*r - 9, 13 = k*r - 2. What is the greatest common divisor of 60 and u?
6
Suppose 2*j = -3*j - 3*d + 11, -1 = -5*j + 2*d. Let o = j + 2. What is the greatest common divisor of o and 2?
1
Let l = -20 + 37. Suppose l*p = 15*p + 96. What is the greatest common factor of p and 32?
16
Let z(n) = n**2 - 11*n - 23. Let q be z(12). Let b = 23 + q. Let r = 3 - 0. Calculate the highest common factor of r and b.
3
Let b be -3 + (16 - 15/(-5)). Let n be 440/(-6)*(-72)/b. What is the highest common divisor of n and 30?
30
Let m = -3 + 3. Suppose m = 5*b - 0*b. Suppose 3*n - 2*y = 5*n - 30, b = -n + y + 15. What is the greatest common factor of n and 45?
15
Let o be ((-14)/8 - -1) + (-258)/8. Let p = o + 40. What is the greatest common divisor of p and 77?
7
Let a(n) = -n**3 - 9*n**2 - 16*n - 3. Let k be a(-7). Calculate the highest common divisor of 1881 and k.
11
Let r be (-3)/(-12) + (-157)/4. Let p = 63 + r. Let l = 92 + -86. Calculate the highest common factor of p and l.
6
Let t be (-9*1 - -3)*2/3. Let c be 1 + (-69)/t + (-21)/(-28). What is the greatest common divisor of c and 38?
19
Let r = 27 - 12. Let x(m) = -m**2 + 19*m + 100. Let l be x(23). Suppose 34 = l*s - 14. What is the highest common divisor of r and s?
3
Suppose 0 = 34*j - 41*j + 77. Calculate the highest common factor of j and 319.
11
Let h = 26 - 38. Let d = -4 + -13. Let k = h - d. What is the greatest common factor of k and 10?
5
Suppose 2*k = l + 2*l + 27, 7 = 2*k + l. Suppose 3*h - k*h + 54 = 0. Suppose -72 = -h*d + 14*d. What is the highest common factor of 9 and d?
9
Suppose 4*j = -5*s + 10*s - 231, 4*s - 164 = -2*j. Calculate the greatest common divisor of s and 559.
43
Let c(n) = -n**3 - 16*n**2 + 2*n + 33. Let q be c(-16). Let r(b) = 177*b**3 - 3*b**2 + 3*b - 1. Let l be r(q). What is the greatest common factor of 16 and l?
16
Let g be 412/((-4)/(-2)) - (-20 + 16). Calculate the greatest common factor of 30 and g.
30
Suppose 34*o - 33*o - 3 = 0. What is the greatest common divisor of 33 and o?
3
Suppose 3*h + 86*q - 12 = 8